NOAA Reports/Αναφορές NOAA

Select a Year or Month report

Report for 2016 Aug
                   MONTHLY CLIMATOLOGICAL SUMMARY for AUG. 2016

NAME: Vamos Weather Station   CITY: Vamos   STATE: Greece 
ELEV:   225 m  LAT:  35 24' 00" N  LONG:  24 06' 00" W

                   TEMPERATURE (C), RAIN  (mm), WIND SPEED (km/hr)

                                      HEAT  COOL        AVG
    MEAN                              DEG   DEG         WIND                 DOM
DAY TEMP  HIGH   TIME   LOW    TIME   DAYS  DAYS  RAIN  SPEED HIGH   TIME    DIR
------------------------------------------------------------------------------------
 1
 2
 3
 4
 5
 6
 7
 8
 9
10
11
12
13
14
15
16
17
18
19  26.8  31.6   17:30  22.9   00:00   0.0   2.8   0.0   2.9  14.5   16:20    SW
20  25.4  29.3   12:50  21.3    5:15   0.0   7.2   0.0   3.5  24.1   13:45   SSW
21  25.9  30.8   15:25  21.5    6:05   0.0   7.7   0.0   4.2  30.6   15:25   SSW
22  26.4  31.9   14:30  21.9    7:00   0.0   8.1   0.0   2.1  17.7   12:10    SW
23  28.1  32.9   12:35  23.4    1:40   0.0   9.8   0.0   3.2  24.1   13:20    NW
24  25.6  28.3   17:30  22.9    4:50   0.0   7.3   0.0   2.7  19.3   13:35   SSW
25  24.9  28.1   15:30  21.6    6:30   0.0   6.6   0.0   2.6  20.9   12:40   SSW
26  22.6  23.6   11:20  21.6   21:30   0.0   4.3   1.2   2.9  20.9   11:10   SSW
27  23.2  25.7   14:50  20.8    0:25   0.0   4.9   0.0   5.1  27.4   13:00   ESE
28  23.7  26.9   12:10  21.1    6:25   0.0   5.4   0.0   6.4  29.0   14:05   ESE
29  25.1  28.5   14:40  21.8    4:40   0.0   6.8   0.0   5.6  24.1    0:15   ESE
30  25.8  30.4   14:00  21.5    7:00   0.0   7.5   0.0   3.5  24.1   15:20    SW
31  26.6  30.0   13:25  22.7    0:05   0.0   8.2   0.0   4.5  29.0   14:05   SSW
-------------------------------------------------------------------------------------
    25.4  32.9    23    20.8    27     0.0  86.5   1.2   3.8  30.6    21     SSW

Max >=  32.0:  1
Max <=   0.0:  0
Min <=   0.0:  0
Min <= -18.0:  0
Max Rain: 1.19 ON 26/08/16
Days of Rain: 1 (> .2 mm) 0 (> 2 mm) 0 (> 20 mm)
Heat Base:  18.3  Cool Base:  18.3  Method: Integration