NOAA Reports/Αναφορές NOAA

Select a Year or Month report
2021 > Jan Feb Mar Apr May Jun Jul Aug Sep Oct Nov Dec
2020 > Jan Feb Mar Apr May Jun Jul Aug Sep Oct Nov Dec
2019 > Jan Feb Mar Apr May Jun Jul Aug Sep Oct Nov Dec
2018 > Jan Feb Mar Apr May Jun Jul Aug Sep Oct Nov Dec
2017 > Jan Feb Mar Apr May Jun Jul Aug Sep Oct Nov Dec
2016 > Jan Feb Mar Apr May Jun Jul Aug Sep Oct Nov Dec

Report for 2021 07
                   MONTHLY CLIMATOLOGICAL SUMMARY for JUL. 2021

NAME: Vamos Weather Station   CITY: Vamos   STATE: Greece 
ELEV:   225 m  LAT:  35 06' 00" N  LONG:  24 00' 00" E

                   TEMPERATURE (C), RAIN  (mm), WIND SPEED (km/hr)

                                      HEAT  COOL        AVG
    MEAN                              DEG   DEG         WIND                 DOM
DAY TEMP  HIGH   TIME   LOW    TIME   DAYS  DAYS  RAIN  SPEED HIGH   TIME    DIR
------------------------------------------------------------------------------------
 1  33.8  41.7   15:50  26.6    0:55   0.0  15.5   0.0   4.5  29.0   19:00    SE
 2  31.7  36.8   14:05  26.9    6:20   0.0  13.4   0.0   8.2  45.1   22:10    NE
 3  27.7  31.2   12:50  22.8   23:55   0.0   9.4   0.0   7.6  46.7    1:45    NE
 4  26.1  30.2   13:10  21.4    4:00   0.0   7.8   0.0   4.2  20.9   10:35    SE
 5  27.3  32.9   17:00  21.8    6:35   0.0   9.1   0.0   3.4  19.3   15:00    NE
 6  26.9  31.9   17:50  21.9    3:10   0.0   8.6   0.0   3.4  43.5   16:25   SSE
 7  27.6  31.4   15:00  23.4    5:10   0.0   9.2   0.0   3.1  25.7   13:25    NE
 8  26.8  30.4   16:05  23.9    4:05   0.0   8.5   0.0   4.8  29.0   13:20    NE
 9  25.9  28.3   18:45  24.2    4:05   0.0   7.6   0.0   6.4  29.0   15:40    NW
10  26.0  29.4   15:50  23.3    6:00   0.0   7.7   0.0   6.4  29.0    8:50    NW
11  26.4  30.1   15:05  22.8    6:15   0.0   8.1   0.0   5.0  27.4   11:10    NW
12  27.2  31.6   17:40  22.6    4:05   0.0   8.9   0.0   3.9  24.1   17:05    NE
13  28.2  32.4   16:35  23.5    4:25   0.0   9.9   0.0   4.2  24.1   11:05     N
14  28.1  32.3   16:50  24.4    5:35   0.0   9.8   0.0   4.8  25.7    9:25    NE
15  28.3  33.2   16:50  23.8    3:40   0.0  10.0   0.0   5.3  29.0   18:10    NE
16  28.7  33.8   15:20  24.3    6:20   0.0  10.4   0.0   4.0  24.1   17:15    NE
17  27.9  32.9   14:55  23.8   00:00   0.0   9.7   0.0   5.6  40.2   17:00    NE
18  26.3  30.9   13:25  21.6    4:50   0.0   8.0   0.0   3.9  22.5   14:20   ENE
19  25.2  29.4   12:00  21.5    5:20   0.0   6.9   0.0   3.1  24.1   17:45   SSE
20  25.9  30.5   14:25  21.9    3:40   0.0   7.6   0.0   2.9  22.5   17:40    SE
21  26.6  31.7   12:05  21.8    4:15   0.0   8.2   0.0   3.9  24.1   14:35    NE
22  26.8  30.9   11:35  23.5    3:45   0.0   8.5   0.0   3.5  24.1   12:35    NE
23  25.3  28.7   16:05  22.4    5:35   0.0   7.0   0.0   6.3  32.2   17:10    NW
24  24.9  28.1   14:35  22.4    5:00   0.0   6.7   0.0   6.8  32.2   10:05    NW
25  24.5  27.0   12:50  22.1    2:05   0.0   6.2   0.0   6.6  32.2    9:20    NW
26  24.5  27.6   14:30  21.9    6:50   0.0   6.2   0.0   4.8  29.0   12:10    NE
27  26.5  30.7   17:05  22.6    0:05   0.0   8.2   0.0   2.9  19.3   11:50   NNE
28  27.6  31.4   19:25  23.4    4:50   0.0   9.3   0.0   2.9  17.7   11:10    NE
29  29.6  34.1   17:15  24.9    1:30   0.0  11.3   0.0   4.0  29.0   15:00    NE
30  31.4  35.8   17:20  26.4    5:40   0.0  12.3   0.0   5.0  24.1   11:45    NE
31
-------------------------------------------------------------------------------------
    27.3  41.7     1    21.4     4     0.0 270.2   0.0   4.7  46.7     3      NE

Max >=  32.0: 10
Max <=   0.0:  0
Min <=   0.0:  0
Min <= -18.0:  0
Max Rain: 0.00 ON 01/07/21
Days of Rain: 0 (> .2 mm) 0 (> 2 mm) 0 (> 20 mm)
Heat Base:  18.3  Cool Base:  18.3  Method: Integration